{"id":5037,"date":"2020-02-25T13:45:49","date_gmt":"2020-02-25T13:45:49","guid":{"rendered":"http:\/\/reddeapoyocanino.org\/?post_type=tribe_events&#038;p=5037"},"modified":"2020-02-25T13:45:49","modified_gmt":"2020-02-25T13:45:49","slug":"jornada-de-vacunacion-antirrabica-y-desparasitacion-para-caninos-y-felinos","status":"publish","type":"tribe_events","link":"https:\/\/reddeapoyocanino.org\/en\/calendario\/jornada-de-vacunacion-antirrabica-y-desparasitacion-para-caninos-y-felinos\/","title":{"rendered":"Jornada de vacunaci\u00f3n antirr\u00e1bica y desparasitaci\u00f3n para caninos y felinos"},"content":{"rendered":"<p>Jornada de vacunaci\u00f3n antirr\u00e1bica y desparasitaci\u00f3n para caninos y felinos<\/p>\n<p>Domingo 1 de marzo<br \/>\nSector El Milagro, Avenida 2, Sede YMCA Cotorrera <\/p>\n<p>Colaboraci\u00f3n: 50.000 por animal<\/p>\n<p>Te esperamos<\/p>","protected":false},"excerpt":{"rendered":"<p>Jornada de vacunaci\u00f3n antirr\u00e1bica y desparasitaci\u00f3n para caninos y felinos Domingo 1 de marzo Sector El Milagro, Avenida 2, Sede YMCA Cotorrera Colaboraci\u00f3n: 50.000 por animal Te esperamos<\/p>","protected":false},"author":2,"featured_media":0,"template":"","meta":{"site-sidebar-layout":"default","site-content-layout":"","ast-site-content-layout":"default","site-content-style":"default","site-sidebar-style":"default","ast-global-header-display":"","ast-banner-title-visibility":"","ast-main-header-display":"","ast-hfb-above-header-display":"","ast-hfb-below-header-display":"","ast-hfb-mobile-header-display":"","site-post-title":"","ast-breadcrumbs-content":"","ast-featured-img":"","footer-sml-layout":"","ast-disable-related-posts":"","theme-transparent-header-meta":"","adv-header-id-meta":"","stick-header-meta":"","header-above-stick-meta":"","header-main-stick-meta":"","header-below-stick-meta":"","astra-migrate-meta-layouts":"default","ast-page-background-enabled":"default","ast-page-background-meta":{"desktop":{"background-color":"","background-image":"","background-repeat":"repeat","background-position":"center center","background-size":"auto","background-attachment":"scroll","background-type":"","background-media":"","overlay-type":"","overlay-color":"","overlay-opacity":"","overlay-gradient":""},"tablet":{"background-color":"","background-image":"","background-repeat":"repeat","background-position":"center center","background-size":"auto","background-attachment":"scroll","background-type":"","background-media":"","overlay-type":"","overlay-color":"","overlay-opacity":"","overlay-gradient":""},"mobile":{"background-color":"","background-image":"","background-repeat":"repeat","background-position":"center center","background-size":"auto","background-attachment":"scroll","background-type":"","background-media":"","overlay-type":"","overlay-color":"","overlay-opacity":"","overlay-gradient":""}},"ast-content-background-meta":{"desktop":{"background-color":"var(--ast-global-color-5)","background-image":"","background-repeat":"repeat","background-position":"center center","background-size":"auto","background-attachment":"scroll","background-type":"","background-media":"","overlay-type":"","overlay-color":"","overlay-opacity":"","overlay-gradient":""},"tablet":{"background-color":"var(--ast-global-color-5)","background-image":"","background-repeat":"repeat","background-position":"center center","background-size":"auto","background-attachment":"scroll","background-type":"","background-media":"","overlay-type":"","overlay-color":"","overlay-opacity":"","overlay-gradient":""},"mobile":{"background-color":"var(--ast-global-color-5)","background-image":"","background-repeat":"repeat","background-position":"center center","background-size":"auto","background-attachment":"scroll","background-type":"","background-media":"","overlay-type":"","overlay-color":"","overlay-opacity":"","overlay-gradient":""}},"ngg_post_thumbnail":0,"_tribe_events_status":"","_tribe_events_status_reason":"","footnotes":""},"tags":[],"tribe_events_cat":[44],"class_list":["post-5037","tribe_events","type-tribe_events","status-publish","hentry","tribe_events_cat-jornada-de-vacunacion","cat_jornada-de-vacunacion"],"yoast_head":"<!-- This site is optimized with the Yoast SEO plugin v27.4 - https:\/\/yoast.com\/product\/yoast-seo-wordpress\/ -->\n<title>Jornada de vacunaci\u00f3n antirr\u00e1bica y desparasitaci\u00f3n para caninos y felinos - Red de Apoyo Canino<\/title>\n<meta name=\"robots\" content=\"index, follow, max-snippet:-1, max-image-preview:large, max-video-preview:-1\" \/>\n<link rel=\"canonical\" href=\"https:\/\/reddeapoyocanino.org\/en\/calendario\/jornada-de-vacunacion-antirrabica-y-desparasitacion-para-caninos-y-felinos\/\" \/>\n<meta property=\"og:locale\" content=\"en_US\" \/>\n<meta property=\"og:type\" content=\"article\" \/>\n<meta property=\"og:title\" content=\"Jornada de vacunaci\u00f3n antirr\u00e1bica y desparasitaci\u00f3n para caninos y felinos - Red de Apoyo Canino\" \/>\n<meta property=\"og:description\" content=\"Jornada de vacunaci\u00f3n antirr\u00e1bica y desparasitaci\u00f3n para caninos y felinos Domingo 1 de marzo Sector El Milagro, Avenida 2, Sede YMCA Cotorrera Colaboraci\u00f3n: 50.000 por animal Te esperamos\" \/>\n<meta property=\"og:url\" content=\"https:\/\/reddeapoyocanino.org\/en\/calendario\/jornada-de-vacunacion-antirrabica-y-desparasitacion-para-caninos-y-felinos\/\" \/>\n<meta property=\"og:site_name\" content=\"Red de Apoyo Canino\" \/>\n<meta name=\"twitter:card\" content=\"summary_large_image\" \/>\n<script type=\"application\/ld+json\" class=\"yoast-schema-graph\">{\"@context\":\"https:\\\/\\\/schema.org\",\"@graph\":[{\"@type\":\"WebPage\",\"@id\":\"https:\\\/\\\/reddeapoyocanino.org\\\/en\\\/calendario\\\/jornada-de-vacunacion-antirrabica-y-desparasitacion-para-caninos-y-felinos\\\/\",\"url\":\"https:\\\/\\\/reddeapoyocanino.org\\\/en\\\/calendario\\\/jornada-de-vacunacion-antirrabica-y-desparasitacion-para-caninos-y-felinos\\\/\",\"name\":\"Jornada de vacunaci\u00f3n antirr\u00e1bica y desparasitaci\u00f3n para caninos y felinos - Red de Apoyo Canino\",\"isPartOf\":{\"@id\":\"https:\\\/\\\/reddeapoyocanino.org\\\/#website\"},\"datePublished\":\"2020-02-25T13:45:49+00:00\",\"breadcrumb\":{\"@id\":\"https:\\\/\\\/reddeapoyocanino.org\\\/en\\\/calendario\\\/jornada-de-vacunacion-antirrabica-y-desparasitacion-para-caninos-y-felinos\\\/#breadcrumb\"},\"inLanguage\":\"en-US\",\"potentialAction\":[{\"@type\":\"ReadAction\",\"target\":[\"https:\\\/\\\/reddeapoyocanino.org\\\/en\\\/calendario\\\/jornada-de-vacunacion-antirrabica-y-desparasitacion-para-caninos-y-felinos\\\/\"]}]},{\"@type\":\"BreadcrumbList\",\"@id\":\"https:\\\/\\\/reddeapoyocanino.org\\\/en\\\/calendario\\\/jornada-de-vacunacion-antirrabica-y-desparasitacion-para-caninos-y-felinos\\\/#breadcrumb\",\"itemListElement\":[{\"@type\":\"ListItem\",\"position\":1,\"name\":\"Home\",\"item\":\"https:\\\/\\\/reddeapoyocanino.org\\\/\"},{\"@type\":\"ListItem\",\"position\":2,\"name\":\"Eventos\",\"item\":\"https:\\\/\\\/reddeapoyocanino.org\\\/calendario\\\/\"},{\"@type\":\"ListItem\",\"position\":3,\"name\":\"Jornada de vacunaci\u00f3n antirr\u00e1bica y desparasitaci\u00f3n para caninos y felinos\"}]},{\"@type\":\"WebSite\",\"@id\":\"https:\\\/\\\/reddeapoyocanino.org\\\/#website\",\"url\":\"https:\\\/\\\/reddeapoyocanino.org\\\/\",\"name\":\"Red de Apoyo Canino\",\"description\":\"Red de Apoyo Canino\",\"publisher\":{\"@id\":\"https:\\\/\\\/reddeapoyocanino.org\\\/#organization\"},\"potentialAction\":[{\"@type\":\"SearchAction\",\"target\":{\"@type\":\"EntryPoint\",\"urlTemplate\":\"https:\\\/\\\/reddeapoyocanino.org\\\/?s={search_term_string}\"},\"query-input\":{\"@type\":\"PropertyValueSpecification\",\"valueRequired\":true,\"valueName\":\"search_term_string\"}}],\"inLanguage\":\"en-US\"},{\"@type\":\"Organization\",\"@id\":\"https:\\\/\\\/reddeapoyocanino.org\\\/#organization\",\"name\":\"Red de Apoyo Canino\",\"url\":\"https:\\\/\\\/reddeapoyocanino.org\\\/\",\"logo\":{\"@type\":\"ImageObject\",\"inLanguage\":\"en-US\",\"@id\":\"https:\\\/\\\/reddeapoyocanino.org\\\/#\\\/schema\\\/logo\\\/image\\\/\",\"url\":\"https:\\\/\\\/reddeapoyocanino.org\\\/wp-content\\\/uploads\\\/2020\\\/09\\\/cropped-cropped-logo-RAC-01-01-1.png\",\"contentUrl\":\"https:\\\/\\\/reddeapoyocanino.org\\\/wp-content\\\/uploads\\\/2020\\\/09\\\/cropped-cropped-logo-RAC-01-01-1.png\",\"width\":463,\"height\":203,\"caption\":\"Red de Apoyo Canino\"},\"image\":{\"@id\":\"https:\\\/\\\/reddeapoyocanino.org\\\/#\\\/schema\\\/logo\\\/image\\\/\"}}]}<\/script>\n<!-- \/ Yoast SEO plugin. -->","yoast_head_json":{"title":"Jornada de vacunaci\u00f3n antirr\u00e1bica y desparasitaci\u00f3n para caninos y felinos - Red de Apoyo Canino","robots":{"index":"index","follow":"follow","max-snippet":"max-snippet:-1","max-image-preview":"max-image-preview:large","max-video-preview":"max-video-preview:-1"},"canonical":"https:\/\/reddeapoyocanino.org\/en\/calendario\/jornada-de-vacunacion-antirrabica-y-desparasitacion-para-caninos-y-felinos\/","og_locale":"en_US","og_type":"article","og_title":"Jornada de vacunaci\u00f3n antirr\u00e1bica y desparasitaci\u00f3n para caninos y felinos - Red de Apoyo Canino","og_description":"Jornada de vacunaci\u00f3n antirr\u00e1bica y desparasitaci\u00f3n para caninos y felinos Domingo 1 de marzo Sector El Milagro, Avenida 2, Sede YMCA Cotorrera Colaboraci\u00f3n: 50.000 por animal Te esperamos","og_url":"https:\/\/reddeapoyocanino.org\/en\/calendario\/jornada-de-vacunacion-antirrabica-y-desparasitacion-para-caninos-y-felinos\/","og_site_name":"Red de Apoyo Canino","twitter_card":"summary_large_image","schema":{"@context":"https:\/\/schema.org","@graph":[{"@type":"WebPage","@id":"https:\/\/reddeapoyocanino.org\/en\/calendario\/jornada-de-vacunacion-antirrabica-y-desparasitacion-para-caninos-y-felinos\/","url":"https:\/\/reddeapoyocanino.org\/en\/calendario\/jornada-de-vacunacion-antirrabica-y-desparasitacion-para-caninos-y-felinos\/","name":"Jornada de vacunaci\u00f3n antirr\u00e1bica y desparasitaci\u00f3n para caninos y felinos - Red de Apoyo Canino","isPartOf":{"@id":"https:\/\/reddeapoyocanino.org\/#website"},"datePublished":"2020-02-25T13:45:49+00:00","breadcrumb":{"@id":"https:\/\/reddeapoyocanino.org\/en\/calendario\/jornada-de-vacunacion-antirrabica-y-desparasitacion-para-caninos-y-felinos\/#breadcrumb"},"inLanguage":"en-US","potentialAction":[{"@type":"ReadAction","target":["https:\/\/reddeapoyocanino.org\/en\/calendario\/jornada-de-vacunacion-antirrabica-y-desparasitacion-para-caninos-y-felinos\/"]}]},{"@type":"BreadcrumbList","@id":"https:\/\/reddeapoyocanino.org\/en\/calendario\/jornada-de-vacunacion-antirrabica-y-desparasitacion-para-caninos-y-felinos\/#breadcrumb","itemListElement":[{"@type":"ListItem","position":1,"name":"Home","item":"https:\/\/reddeapoyocanino.org\/"},{"@type":"ListItem","position":2,"name":"Eventos","item":"https:\/\/reddeapoyocanino.org\/calendario\/"},{"@type":"ListItem","position":3,"name":"Jornada de vacunaci\u00f3n antirr\u00e1bica y desparasitaci\u00f3n para caninos y felinos"}]},{"@type":"WebSite","@id":"https:\/\/reddeapoyocanino.org\/#website","url":"https:\/\/reddeapoyocanino.org\/","name":"Red de Apoyo Canino","description":"Red de Apoyo Canino","publisher":{"@id":"https:\/\/reddeapoyocanino.org\/#organization"},"potentialAction":[{"@type":"SearchAction","target":{"@type":"EntryPoint","urlTemplate":"https:\/\/reddeapoyocanino.org\/?s={search_term_string}"},"query-input":{"@type":"PropertyValueSpecification","valueRequired":true,"valueName":"search_term_string"}}],"inLanguage":"en-US"},{"@type":"Organization","@id":"https:\/\/reddeapoyocanino.org\/#organization","name":"Red de Apoyo Canino","url":"https:\/\/reddeapoyocanino.org\/","logo":{"@type":"ImageObject","inLanguage":"en-US","@id":"https:\/\/reddeapoyocanino.org\/#\/schema\/logo\/image\/","url":"https:\/\/reddeapoyocanino.org\/wp-content\/uploads\/2020\/09\/cropped-cropped-logo-RAC-01-01-1.png","contentUrl":"https:\/\/reddeapoyocanino.org\/wp-content\/uploads\/2020\/09\/cropped-cropped-logo-RAC-01-01-1.png","width":463,"height":203,"caption":"Red de Apoyo Canino"},"image":{"@id":"https:\/\/reddeapoyocanino.org\/#\/schema\/logo\/image\/"}}]}},"_links":{"self":[{"href":"https:\/\/reddeapoyocanino.org\/en\/wp-json\/wp\/v2\/tribe_events\/5037","targetHints":{"allow":["GET"]}}],"collection":[{"href":"https:\/\/reddeapoyocanino.org\/en\/wp-json\/wp\/v2\/tribe_events"}],"about":[{"href":"https:\/\/reddeapoyocanino.org\/en\/wp-json\/wp\/v2\/types\/tribe_events"}],"author":[{"embeddable":true,"href":"https:\/\/reddeapoyocanino.org\/en\/wp-json\/wp\/v2\/users\/2"}],"version-history":[{"count":1,"href":"https:\/\/reddeapoyocanino.org\/en\/wp-json\/wp\/v2\/tribe_events\/5037\/revisions"}],"predecessor-version":[{"id":5038,"href":"https:\/\/reddeapoyocanino.org\/en\/wp-json\/wp\/v2\/tribe_events\/5037\/revisions\/5038"}],"wp:attachment":[{"href":"https:\/\/reddeapoyocanino.org\/en\/wp-json\/wp\/v2\/media?parent=5037"}],"wp:term":[{"taxonomy":"post_tag","embeddable":true,"href":"https:\/\/reddeapoyocanino.org\/en\/wp-json\/wp\/v2\/tags?post=5037"},{"taxonomy":"tribe_events_cat","embeddable":true,"href":"https:\/\/reddeapoyocanino.org\/en\/wp-json\/wp\/v2\/tribe_events_cat?post=5037"}],"curies":[{"name":"wp","href":"https:\/\/api.w.org\/{rel}","templated":true}]}}

Jornada de vacunación antirrábica y desparasitación para caninos y felinos

<p>Jornada de vacunación antirrábica y desparasitación para caninos y felinos</p>
<p>Domingo 1 de marzo<br />
Sector El Milagro, Avenida 2, Sede YMCA Cotorrera </p>
<p>Colaboración: 50.000 por animal</p>
<p>Te esperamos</p>

<p>Jornada de vacunación antirrábica y desparasitación para caninos y felinos Domingo 1 de marzo Sector El Milagro, Avenida 2, Sede YMCA Cotorrera Colaboración: 50.000 por animal Te esperamos</p>

<!-- This site is optimized with the Yoast SEO plugin v27.4 - https://yoast.com/product/yoast-seo-wordpress/ -->
<title>Jornada de vacunación antirrábica y desparasitación para caninos y felinos - Red de Apoyo Canino</title>
<meta name="robots" content="index, follow, max-snippet:-1, max-image-preview:large, max-video-preview:-1" />
<link rel="canonical" href="https://reddeapoyocanino.org/en/calendario/jornada-de-vacunacion-antirrabica-y-desparasitacion-para-caninos-y-felinos/" />
<meta property="og:locale" content="en_US" />
<meta property="og:type" content="article" />
<meta property="og:title" content="Jornada de vacunación antirrábica y desparasitación para caninos y felinos - Red de Apoyo Canino" />
<meta property="og:description" content="Jornada de vacunación antirrábica y desparasitación para caninos y felinos Domingo 1 de marzo Sector El Milagro, Avenida 2, Sede YMCA Cotorrera Colaboración: 50.000 por animal Te esperamos" />
<meta property="og:url" content="https://reddeapoyocanino.org/en/calendario/jornada-de-vacunacion-antirrabica-y-desparasitacion-para-caninos-y-felinos/" />
<meta property="og:site_name" content="Red de Apoyo Canino" />
<meta name="twitter:card" content="summary_large_image" />
<script type="application/ld+json" class="yoast-schema-graph">{"@context":"https:\/\/schema.org","@graph":[{"@type":"WebPage","@id":"https:\/\/reddeapoyocanino.org\/en\/calendario\/jornada-de-vacunacion-antirrabica-y-desparasitacion-para-caninos-y-felinos\/","url":"https:\/\/reddeapoyocanino.org\/en\/calendario\/jornada-de-vacunacion-antirrabica-y-desparasitacion-para-caninos-y-felinos\/","name":"Jornada de vacunación antirrábica y desparasitación para caninos y felinos - Red de Apoyo Canino","isPartOf":{"@id":"https:\/\/reddeapoyocanino.org\/#website"},"datePublished":"2020-02-25T13:45:49+00:00","breadcrumb":{"@id":"https:\/\/reddeapoyocanino.org\/en\/calendario\/jornada-de-vacunacion-antirrabica-y-desparasitacion-para-caninos-y-felinos\/#breadcrumb"},"inLanguage":"en-US","potentialAction":[{"@type":"ReadAction","target":["https:\/\/reddeapoyocanino.org\/en\/calendario\/jornada-de-vacunacion-antirrabica-y-desparasitacion-para-caninos-y-felinos\/"]}]},{"@type":"BreadcrumbList","@id":"https:\/\/reddeapoyocanino.org\/en\/calendario\/jornada-de-vacunacion-antirrabica-y-desparasitacion-para-caninos-y-felinos\/#breadcrumb","itemListElement":[{"@type":"ListItem","position":1,"name":"Home","item":"https:\/\/reddeapoyocanino.org\/"},{"@type":"ListItem","position":2,"name":"Eventos","item":"https:\/\/reddeapoyocanino.org\/calendario\/"},{"@type":"ListItem","position":3,"name":"Jornada de vacunación antirrábica y desparasitación para caninos y felinos"}]},{"@type":"WebSite","@id":"https:\/\/reddeapoyocanino.org\/#website","url":"https:\/\/reddeapoyocanino.org\/","name":"Red de Apoyo Canino","description":"Red de Apoyo Canino","publisher":{"@id":"https:\/\/reddeapoyocanino.org\/#organization"},"potentialAction":[{"@type":"SearchAction","target":{"@type":"EntryPoint","urlTemplate":"https:\/\/reddeapoyocanino.org\/?s={search_term_string}"},"query-input":{"@type":"PropertyValueSpecification","valueRequired":true,"valueName":"search_term_string"}}],"inLanguage":"en-US"},{"@type":"Organization","@id":"https:\/\/reddeapoyocanino.org\/#organization","name":"Red de Apoyo Canino","url":"https:\/\/reddeapoyocanino.org\/","logo":{"@type":"ImageObject","inLanguage":"en-US","@id":"https:\/\/reddeapoyocanino.org\/#\/schema\/logo\/image\/","url":"https:\/\/reddeapoyocanino.org\/wp-content\/uploads\/2020\/09\/cropped-cropped-logo-RAC-01-01-1.png","contentUrl":"https:\/\/reddeapoyocanino.org\/wp-content\/uploads\/2020\/09\/cropped-cropped-logo-RAC-01-01-1.png","width":463,"height":203,"caption":"Red de Apoyo Canino"},"image":{"@id":"https:\/\/reddeapoyocanino.org\/#\/schema\/logo\/image\/"}}]}</script>
<!-- / Yoast SEO plugin. -->

Jornada de vacunación antirrábica y desparasitación para caninos y felinos - Red de Apoyo Canino

Jornada de vacunación antirrábica y desparasitación para caninos y felinos Domingo 1 de marzo Sector El Milagro, Avenida 2, Sede YMCA Cotorrera Colaboración: 50.000 por animal Te esperamos
