{"id":4624,"date":"2019-08-01T15:42:21","date_gmt":"2019-08-01T15:42:21","guid":{"rendered":"http:\/\/reddeapoyocanino.org\/?post_type=tribe_events&#038;p=4624"},"modified":"2019-08-01T15:42:21","modified_gmt":"2019-08-01T15:42:21","slug":"dia-internacional-del-animal-sin-hogar","status":"publish","type":"tribe_events","link":"https:\/\/reddeapoyocanino.org\/en\/calendario\/dia-internacional-del-animal-sin-hogar\/","title":{"rendered":"D\u00eda Internacional del Animal Sin Hogar"},"content":{"rendered":"<p>Este 17 y 18 de agosto conmemoramos el D\u00eda Internacional del Animal Sin Hogar de la mano de ISAR por tercer a\u00f1o consecutivo. Estaremos esterilizando de forma totalmente gratuita en el Edo. Zulia, en el sector Cotorrera de Maracaibo a animales de la zona.<\/p>\n<p>Si quieres participar, escr\u00edbenos a esterilizaciones@reddeapoyocanino.org<\/p>","protected":false},"excerpt":{"rendered":"<p>Este 17 y 18 de agosto conmemoramos el D\u00eda Internacional del Animal Sin Hogar de la mano de ISAR por tercer a\u00f1o consecutivo. Estaremos esterilizando de forma totalmente gratuita en [&hellip;]<\/p>\n","protected":false},"author":2,"featured_media":0,"template":"","meta":{"site-sidebar-layout":"default","site-content-layout":"","ast-site-content-layout":"default","site-content-style":"default","site-sidebar-style":"default","ast-global-header-display":"","ast-banner-title-visibility":"","ast-main-header-display":"","ast-hfb-above-header-display":"","ast-hfb-below-header-display":"","ast-hfb-mobile-header-display":"","site-post-title":"","ast-breadcrumbs-content":"","ast-featured-img":"","footer-sml-layout":"","ast-disable-related-posts":"","theme-transparent-header-meta":"","adv-header-id-meta":"","stick-header-meta":"","header-above-stick-meta":"","header-main-stick-meta":"","header-below-stick-meta":"","astra-migrate-meta-layouts":"default","ast-page-background-enabled":"default","ast-page-background-meta":{"desktop":{"background-color":"","background-image":"","background-repeat":"repeat","background-position":"center center","background-size":"auto","background-attachment":"scroll","background-type":"","background-media":"","overlay-type":"","overlay-color":"","overlay-opacity":"","overlay-gradient":""},"tablet":{"background-color":"","background-image":"","background-repeat":"repeat","background-position":"center center","background-size":"auto","background-attachment":"scroll","background-type":"","background-media":"","overlay-type":"","overlay-color":"","overlay-opacity":"","overlay-gradient":""},"mobile":{"background-color":"","background-image":"","background-repeat":"repeat","background-position":"center center","background-size":"auto","background-attachment":"scroll","background-type":"","background-media":"","overlay-type":"","overlay-color":"","overlay-opacity":"","overlay-gradient":""}},"ast-content-background-meta":{"desktop":{"background-color":"var(--ast-global-color-5)","background-image":"","background-repeat":"repeat","background-position":"center center","background-size":"auto","background-attachment":"scroll","background-type":"","background-media":"","overlay-type":"","overlay-color":"","overlay-opacity":"","overlay-gradient":""},"tablet":{"background-color":"var(--ast-global-color-5)","background-image":"","background-repeat":"repeat","background-position":"center center","background-size":"auto","background-attachment":"scroll","background-type":"","background-media":"","overlay-type":"","overlay-color":"","overlay-opacity":"","overlay-gradient":""},"mobile":{"background-color":"var(--ast-global-color-5)","background-image":"","background-repeat":"repeat","background-position":"center center","background-size":"auto","background-attachment":"scroll","background-type":"","background-media":"","overlay-type":"","overlay-color":"","overlay-opacity":"","overlay-gradient":""}},"ngg_post_thumbnail":0,"_tribe_events_status":"","_tribe_events_status_reason":"","footnotes":""},"tags":[],"tribe_events_cat":[43],"class_list":["post-4624","tribe_events","type-tribe_events","status-publish","hentry","tribe_events_cat-jornadas-de-esterilizacion","cat_jornadas-de-esterilizacion"],"yoast_head":"<!-- This site is optimized with the Yoast SEO plugin v27.4 - https:\/\/yoast.com\/product\/yoast-seo-wordpress\/ -->\n<title>D\u00eda Internacional del Animal Sin Hogar - Red de Apoyo Canino<\/title>\n<meta name=\"robots\" content=\"index, follow, max-snippet:-1, max-image-preview:large, max-video-preview:-1\" \/>\n<link rel=\"canonical\" href=\"https:\/\/reddeapoyocanino.org\/en\/calendario\/dia-internacional-del-animal-sin-hogar\/\" \/>\n<meta property=\"og:locale\" content=\"en_US\" \/>\n<meta property=\"og:type\" content=\"article\" \/>\n<meta property=\"og:title\" content=\"D\u00eda Internacional del Animal Sin Hogar - Red de Apoyo Canino\" \/>\n<meta property=\"og:description\" content=\"Este 17 y 18 de agosto conmemoramos el D\u00eda Internacional del Animal Sin Hogar de la mano de ISAR por tercer a\u00f1o consecutivo. Estaremos esterilizando de forma totalmente gratuita en [&hellip;]\" \/>\n<meta property=\"og:url\" content=\"https:\/\/reddeapoyocanino.org\/en\/calendario\/dia-internacional-del-animal-sin-hogar\/\" \/>\n<meta property=\"og:site_name\" content=\"Red de Apoyo Canino\" \/>\n<meta name=\"twitter:card\" content=\"summary_large_image\" \/>\n<script type=\"application\/ld+json\" class=\"yoast-schema-graph\">{\"@context\":\"https:\\\/\\\/schema.org\",\"@graph\":[{\"@type\":\"WebPage\",\"@id\":\"https:\\\/\\\/reddeapoyocanino.org\\\/calendario\\\/dia-internacional-del-animal-sin-hogar\\\/\",\"url\":\"https:\\\/\\\/reddeapoyocanino.org\\\/calendario\\\/dia-internacional-del-animal-sin-hogar\\\/\",\"name\":\"D\u00eda Internacional del Animal Sin Hogar - Red de Apoyo Canino\",\"isPartOf\":{\"@id\":\"https:\\\/\\\/reddeapoyocanino.org\\\/#website\"},\"datePublished\":\"2019-08-01T15:42:21+00:00\",\"breadcrumb\":{\"@id\":\"https:\\\/\\\/reddeapoyocanino.org\\\/calendario\\\/dia-internacional-del-animal-sin-hogar\\\/#breadcrumb\"},\"inLanguage\":\"en-US\",\"potentialAction\":[{\"@type\":\"ReadAction\",\"target\":[\"https:\\\/\\\/reddeapoyocanino.org\\\/calendario\\\/dia-internacional-del-animal-sin-hogar\\\/\"]}]},{\"@type\":\"BreadcrumbList\",\"@id\":\"https:\\\/\\\/reddeapoyocanino.org\\\/calendario\\\/dia-internacional-del-animal-sin-hogar\\\/#breadcrumb\",\"itemListElement\":[{\"@type\":\"ListItem\",\"position\":1,\"name\":\"Home\",\"item\":\"https:\\\/\\\/reddeapoyocanino.org\\\/\"},{\"@type\":\"ListItem\",\"position\":2,\"name\":\"Eventos\",\"item\":\"https:\\\/\\\/reddeapoyocanino.org\\\/calendario\\\/\"},{\"@type\":\"ListItem\",\"position\":3,\"name\":\"D\u00eda Internacional del Animal Sin Hogar\"}]},{\"@type\":\"WebSite\",\"@id\":\"https:\\\/\\\/reddeapoyocanino.org\\\/#website\",\"url\":\"https:\\\/\\\/reddeapoyocanino.org\\\/\",\"name\":\"Red de Apoyo Canino\",\"description\":\"Red de Apoyo Canino\",\"publisher\":{\"@id\":\"https:\\\/\\\/reddeapoyocanino.org\\\/#organization\"},\"potentialAction\":[{\"@type\":\"SearchAction\",\"target\":{\"@type\":\"EntryPoint\",\"urlTemplate\":\"https:\\\/\\\/reddeapoyocanino.org\\\/?s={search_term_string}\"},\"query-input\":{\"@type\":\"PropertyValueSpecification\",\"valueRequired\":true,\"valueName\":\"search_term_string\"}}],\"inLanguage\":\"en-US\"},{\"@type\":\"Organization\",\"@id\":\"https:\\\/\\\/reddeapoyocanino.org\\\/#organization\",\"name\":\"Red de Apoyo Canino\",\"url\":\"https:\\\/\\\/reddeapoyocanino.org\\\/\",\"logo\":{\"@type\":\"ImageObject\",\"inLanguage\":\"en-US\",\"@id\":\"https:\\\/\\\/reddeapoyocanino.org\\\/#\\\/schema\\\/logo\\\/image\\\/\",\"url\":\"https:\\\/\\\/reddeapoyocanino.org\\\/wp-content\\\/uploads\\\/2020\\\/09\\\/cropped-cropped-logo-RAC-01-01-1.png\",\"contentUrl\":\"https:\\\/\\\/reddeapoyocanino.org\\\/wp-content\\\/uploads\\\/2020\\\/09\\\/cropped-cropped-logo-RAC-01-01-1.png\",\"width\":463,\"height\":203,\"caption\":\"Red de Apoyo Canino\"},\"image\":{\"@id\":\"https:\\\/\\\/reddeapoyocanino.org\\\/#\\\/schema\\\/logo\\\/image\\\/\"}}]}<\/script>\n<!-- \/ Yoast SEO plugin. -->","yoast_head_json":{"title":"D\u00eda Internacional del Animal Sin Hogar - Red de Apoyo Canino","robots":{"index":"index","follow":"follow","max-snippet":"max-snippet:-1","max-image-preview":"max-image-preview:large","max-video-preview":"max-video-preview:-1"},"canonical":"https:\/\/reddeapoyocanino.org\/en\/calendario\/dia-internacional-del-animal-sin-hogar\/","og_locale":"en_US","og_type":"article","og_title":"D\u00eda Internacional del Animal Sin Hogar - Red de Apoyo Canino","og_description":"Este 17 y 18 de agosto conmemoramos el D\u00eda Internacional del Animal Sin Hogar de la mano de ISAR por tercer a\u00f1o consecutivo. Estaremos esterilizando de forma totalmente gratuita en [&hellip;]","og_url":"https:\/\/reddeapoyocanino.org\/en\/calendario\/dia-internacional-del-animal-sin-hogar\/","og_site_name":"Red de Apoyo Canino","twitter_card":"summary_large_image","schema":{"@context":"https:\/\/schema.org","@graph":[{"@type":"WebPage","@id":"https:\/\/reddeapoyocanino.org\/calendario\/dia-internacional-del-animal-sin-hogar\/","url":"https:\/\/reddeapoyocanino.org\/calendario\/dia-internacional-del-animal-sin-hogar\/","name":"D\u00eda Internacional del Animal Sin Hogar - Red de Apoyo Canino","isPartOf":{"@id":"https:\/\/reddeapoyocanino.org\/#website"},"datePublished":"2019-08-01T15:42:21+00:00","breadcrumb":{"@id":"https:\/\/reddeapoyocanino.org\/calendario\/dia-internacional-del-animal-sin-hogar\/#breadcrumb"},"inLanguage":"en-US","potentialAction":[{"@type":"ReadAction","target":["https:\/\/reddeapoyocanino.org\/calendario\/dia-internacional-del-animal-sin-hogar\/"]}]},{"@type":"BreadcrumbList","@id":"https:\/\/reddeapoyocanino.org\/calendario\/dia-internacional-del-animal-sin-hogar\/#breadcrumb","itemListElement":[{"@type":"ListItem","position":1,"name":"Home","item":"https:\/\/reddeapoyocanino.org\/"},{"@type":"ListItem","position":2,"name":"Eventos","item":"https:\/\/reddeapoyocanino.org\/calendario\/"},{"@type":"ListItem","position":3,"name":"D\u00eda Internacional del Animal Sin Hogar"}]},{"@type":"WebSite","@id":"https:\/\/reddeapoyocanino.org\/#website","url":"https:\/\/reddeapoyocanino.org\/","name":"Red de Apoyo Canino","description":"Red de Apoyo Canino","publisher":{"@id":"https:\/\/reddeapoyocanino.org\/#organization"},"potentialAction":[{"@type":"SearchAction","target":{"@type":"EntryPoint","urlTemplate":"https:\/\/reddeapoyocanino.org\/?s={search_term_string}"},"query-input":{"@type":"PropertyValueSpecification","valueRequired":true,"valueName":"search_term_string"}}],"inLanguage":"en-US"},{"@type":"Organization","@id":"https:\/\/reddeapoyocanino.org\/#organization","name":"Red de Apoyo Canino","url":"https:\/\/reddeapoyocanino.org\/","logo":{"@type":"ImageObject","inLanguage":"en-US","@id":"https:\/\/reddeapoyocanino.org\/#\/schema\/logo\/image\/","url":"https:\/\/reddeapoyocanino.org\/wp-content\/uploads\/2020\/09\/cropped-cropped-logo-RAC-01-01-1.png","contentUrl":"https:\/\/reddeapoyocanino.org\/wp-content\/uploads\/2020\/09\/cropped-cropped-logo-RAC-01-01-1.png","width":463,"height":203,"caption":"Red de Apoyo Canino"},"image":{"@id":"https:\/\/reddeapoyocanino.org\/#\/schema\/logo\/image\/"}}]}},"_links":{"self":[{"href":"https:\/\/reddeapoyocanino.org\/en\/wp-json\/wp\/v2\/tribe_events\/4624","targetHints":{"allow":["GET"]}}],"collection":[{"href":"https:\/\/reddeapoyocanino.org\/en\/wp-json\/wp\/v2\/tribe_events"}],"about":[{"href":"https:\/\/reddeapoyocanino.org\/en\/wp-json\/wp\/v2\/types\/tribe_events"}],"author":[{"embeddable":true,"href":"https:\/\/reddeapoyocanino.org\/en\/wp-json\/wp\/v2\/users\/2"}],"version-history":[{"count":2,"href":"https:\/\/reddeapoyocanino.org\/en\/wp-json\/wp\/v2\/tribe_events\/4624\/revisions"}],"predecessor-version":[{"id":4626,"href":"https:\/\/reddeapoyocanino.org\/en\/wp-json\/wp\/v2\/tribe_events\/4624\/revisions\/4626"}],"wp:attachment":[{"href":"https:\/\/reddeapoyocanino.org\/en\/wp-json\/wp\/v2\/media?parent=4624"}],"wp:term":[{"taxonomy":"post_tag","embeddable":true,"href":"https:\/\/reddeapoyocanino.org\/en\/wp-json\/wp\/v2\/tags?post=4624"},{"taxonomy":"tribe_events_cat","embeddable":true,"href":"https:\/\/reddeapoyocanino.org\/en\/wp-json\/wp\/v2\/tribe_events_cat?post=4624"}],"curies":[{"name":"wp","href":"https:\/\/api.w.org\/{rel}","templated":true}]}}

Día Internacional del Animal Sin Hogar

<p>Este 17 y 18 de agosto conmemoramos el Día Internacional del Animal Sin Hogar de la mano de ISAR por tercer año consecutivo. Estaremos esterilizando de forma totalmente gratuita en el Edo. Zulia, en el sector Cotorrera de Maracaibo a animales de la zona.</p>
<p>Si quieres participar, escríbenos a esterilizaciones@reddeapoyocanino.org</p>

<p>Este 17 y 18 de agosto conmemoramos el Día Internacional del Animal Sin Hogar de la mano de ISAR por tercer año consecutivo. Estaremos esterilizando de forma totalmente gratuita en [&hellip;]</p>

<!-- This site is optimized with the Yoast SEO plugin v27.4 - https://yoast.com/product/yoast-seo-wordpress/ -->
<title>Día Internacional del Animal Sin Hogar - Red de Apoyo Canino</title>
<meta name="robots" content="index, follow, max-snippet:-1, max-image-preview:large, max-video-preview:-1" />
<link rel="canonical" href="https://reddeapoyocanino.org/en/calendario/dia-internacional-del-animal-sin-hogar/" />
<meta property="og:locale" content="en_US" />
<meta property="og:type" content="article" />
<meta property="og:title" content="Día Internacional del Animal Sin Hogar - Red de Apoyo Canino" />
<meta property="og:description" content="Este 17 y 18 de agosto conmemoramos el Día Internacional del Animal Sin Hogar de la mano de ISAR por tercer año consecutivo. Estaremos esterilizando de forma totalmente gratuita en [&hellip;]" />
<meta property="og:url" content="https://reddeapoyocanino.org/en/calendario/dia-internacional-del-animal-sin-hogar/" />
<meta property="og:site_name" content="Red de Apoyo Canino" />
<meta name="twitter:card" content="summary_large_image" />
<script type="application/ld+json" class="yoast-schema-graph">{"@context":"https:\/\/schema.org","@graph":[{"@type":"WebPage","@id":"https:\/\/reddeapoyocanino.org\/calendario\/dia-internacional-del-animal-sin-hogar\/","url":"https:\/\/reddeapoyocanino.org\/calendario\/dia-internacional-del-animal-sin-hogar\/","name":"Día Internacional del Animal Sin Hogar - Red de Apoyo Canino","isPartOf":{"@id":"https:\/\/reddeapoyocanino.org\/#website"},"datePublished":"2019-08-01T15:42:21+00:00","breadcrumb":{"@id":"https:\/\/reddeapoyocanino.org\/calendario\/dia-internacional-del-animal-sin-hogar\/#breadcrumb"},"inLanguage":"en-US","potentialAction":[{"@type":"ReadAction","target":["https:\/\/reddeapoyocanino.org\/calendario\/dia-internacional-del-animal-sin-hogar\/"]}]},{"@type":"BreadcrumbList","@id":"https:\/\/reddeapoyocanino.org\/calendario\/dia-internacional-del-animal-sin-hogar\/#breadcrumb","itemListElement":[{"@type":"ListItem","position":1,"name":"Home","item":"https:\/\/reddeapoyocanino.org\/"},{"@type":"ListItem","position":2,"name":"Eventos","item":"https:\/\/reddeapoyocanino.org\/calendario\/"},{"@type":"ListItem","position":3,"name":"Día Internacional del Animal Sin Hogar"}]},{"@type":"WebSite","@id":"https:\/\/reddeapoyocanino.org\/#website","url":"https:\/\/reddeapoyocanino.org\/","name":"Red de Apoyo Canino","description":"Red de Apoyo Canino","publisher":{"@id":"https:\/\/reddeapoyocanino.org\/#organization"},"potentialAction":[{"@type":"SearchAction","target":{"@type":"EntryPoint","urlTemplate":"https:\/\/reddeapoyocanino.org\/?s={search_term_string}"},"query-input":{"@type":"PropertyValueSpecification","valueRequired":true,"valueName":"search_term_string"}}],"inLanguage":"en-US"},{"@type":"Organization","@id":"https:\/\/reddeapoyocanino.org\/#organization","name":"Red de Apoyo Canino","url":"https:\/\/reddeapoyocanino.org\/","logo":{"@type":"ImageObject","inLanguage":"en-US","@id":"https:\/\/reddeapoyocanino.org\/#\/schema\/logo\/image\/","url":"https:\/\/reddeapoyocanino.org\/wp-content\/uploads\/2020\/09\/cropped-cropped-logo-RAC-01-01-1.png","contentUrl":"https:\/\/reddeapoyocanino.org\/wp-content\/uploads\/2020\/09\/cropped-cropped-logo-RAC-01-01-1.png","width":463,"height":203,"caption":"Red de Apoyo Canino"},"image":{"@id":"https:\/\/reddeapoyocanino.org\/#\/schema\/logo\/image\/"}}]}</script>
<!-- / Yoast SEO plugin. -->

Día Internacional del Animal Sin Hogar - Red de Apoyo Canino

Este 17 y 18 de agosto conmemoramos el Día Internacional del Animal Sin Hogar de la mano de ISAR por tercer año consecutivo. Estaremos esterilizando de forma totalmente gratuita en [&hellip;]
